{"id":27,"date":"2019-01-10T16:13:08","date_gmt":"2019-01-10T16:13:08","guid":{"rendered":"http:\/\/www.kingdomfoundation.org.ec\/wkieb\/?page_id=27"},"modified":"2019-05-27T12:40:21","modified_gmt":"2019-05-27T17:40:21","slug":"mentorship","status":"publish","type":"page","link":"http:\/\/kingdomfoundation.org.ec\/?page_id=27","title":{"rendered":"Mentorship"},"content":{"rendered":"\t\t<div data-elementor-type=\"wp-post\" data-elementor-id=\"27\" class=\"elementor elementor-27 elementor-bc-flex-widget\" data-elementor-settings=\"[]\">\n\t\t\t\t\t\t<div class=\"elementor-inner\">\n\t\t\t\t\t\t\t<div class=\"elementor-section-wrap\">\n\t\t\t\t\t\t\t<section class=\"elementor-section elementor-top-section elementor-element elementor-element-e94fca3 elementor-section-stretched elementor-section-boxed elementor-section-height-default elementor-section-height-default\" data-id=\"e94fca3\" data-element_type=\"section\" data-settings=\"{&quot;stretch_section&quot;:&quot;section-stretched&quot;}\">\n\t\t\t\t\t\t<div class=\"elementor-container elementor-column-gap-default\">\n\t\t\t\t\t\t\t<div class=\"elementor-row\">\n\t\t\t\t\t<div class=\"elementor-column elementor-col-100 elementor-top-column elementor-element elementor-element-772790ae\" data-id=\"772790ae\" data-element_type=\"column\">\n\t\t\t<div class=\"elementor-column-wrap elementor-element-populated\">\n\t\t\t\t\t\t\t<div class=\"elementor-widget-wrap\">\n\t\t\t\t\t\t<div class=\"elementor-element elementor-element-92f369c elementor-widget elementor-widget-heading\" data-id=\"92f369c\" data-element_type=\"widget\" data-widget_type=\"heading.default\">\n\t\t\t\t<div class=\"elementor-widget-container\">\n\t\t\t<h2 class=\"elementor-heading-title elementor-size-default\">MENTORSHIP<\/h2>\t\t<\/div>\n\t\t\t\t<\/div>\n\t\t\t\t<div class=\"elementor-element elementor-element-2d937c0 elementor-widget-divider--view-line elementor-widget elementor-widget-divider\" data-id=\"2d937c0\" data-element_type=\"widget\" data-widget_type=\"divider.default\">\n\t\t\t\t<div class=\"elementor-widget-container\">\n\t\t\t\t\t<div class=\"elementor-divider\">\n\t\t\t<span class=\"elementor-divider-separator\">\n\t\t\t\t\t\t<\/span>\n\t\t<\/div>\n\t\t\t\t<\/div>\n\t\t\t\t<\/div>\n\t\t\t\t<div class=\"elementor-element elementor-element-951ad2b elementor-widget elementor-widget-heading\" data-id=\"951ad2b\" data-element_type=\"widget\" data-widget_type=\"heading.default\">\n\t\t\t\t<div class=\"elementor-widget-container\">\n\t\t\t<h2 class=\"elementor-heading-title elementor-size-default\">\u201cCercan\u00eda a Dios trae parecido a Dios. Cuanto m\u00e1s veas a Dios, m\u00e1s de Dios ser\u00e1 visto en ti\u201d\n\u2014 Charles Spurgeon.<\/h2>\t\t<\/div>\n\t\t\t\t<\/div>\n\t\t\t\t\t\t<\/div>\n\t\t\t\t\t<\/div>\n\t\t<\/div>\n\t\t\t\t\t\t\t\t<\/div>\n\t\t\t\t\t<\/div>\n\t\t<\/section>\n\t\t\t\t<section class=\"elementor-section elementor-top-section elementor-element elementor-element-1d47352 elementor-section-stretched elementor-section-boxed elementor-section-height-default elementor-section-height-default\" data-id=\"1d47352\" data-element_type=\"section\" data-settings=\"{&quot;stretch_section&quot;:&quot;section-stretched&quot;}\">\n\t\t\t\t\t\t<div class=\"elementor-container elementor-column-gap-default\">\n\t\t\t\t\t\t\t<div class=\"elementor-row\">\n\t\t\t\t\t<div class=\"elementor-column elementor-col-25 elementor-top-column elementor-element elementor-element-34e5dfe\" data-id=\"34e5dfe\" data-element_type=\"column\">\n\t\t\t<div class=\"elementor-column-wrap elementor-element-populated\">\n\t\t\t\t\t\t\t<div class=\"elementor-widget-wrap\">\n\t\t\t\t\t\t<div class=\"elementor-element elementor-element-492aa1c elementor-widget elementor-widget-image\" data-id=\"492aa1c\" data-element_type=\"widget\" data-widget_type=\"image.default\">\n\t\t\t\t<div class=\"elementor-widget-container\">\n\t\t\t\t\t<div class=\"elementor-image\">\n\t\t\t\t\t\t\t\t\t\t<img loading=\"lazy\" decoding=\"async\" width=\"290\" height=\"290\" src=\"http:\/\/kingdomfoundation.org.ec\/wp-content\/uploads\/2019\/01\/andrespanasiuk_mentorship.png\" class=\"attachment-full size-full\" alt=\"\" srcset=\"http:\/\/kingdomfoundation.org.ec\/wp-content\/uploads\/2019\/01\/andrespanasiuk_mentorship.png 290w, http:\/\/kingdomfoundation.org.ec\/wp-content\/uploads\/2019\/01\/andrespanasiuk_mentorship-150x150.png 150w, http:\/\/kingdomfoundation.org.ec\/wp-content\/uploads\/2019\/01\/andrespanasiuk_mentorship-100x100.png 100w\" sizes=\"100vw\" \/>\t\t\t\t\t\t\t\t\t\t\t<\/div>\n\t\t\t\t<\/div>\n\t\t\t\t<\/div>\n\t\t\t\t<div class=\"elementor-element elementor-element-d6a480b elementor-widget-divider--view-line elementor-widget elementor-widget-divider\" data-id=\"d6a480b\" data-element_type=\"widget\" data-widget_type=\"divider.default\">\n\t\t\t\t<div class=\"elementor-widget-container\">\n\t\t\t\t\t<div class=\"elementor-divider\">\n\t\t\t<span class=\"elementor-divider-separator\">\n\t\t\t\t\t\t<\/span>\n\t\t<\/div>\n\t\t\t\t<\/div>\n\t\t\t\t<\/div>\n\t\t\t\t<div class=\"elementor-element elementor-element-7c45f72 elementor-widget elementor-widget-heading\" data-id=\"7c45f72\" data-element_type=\"widget\" data-widget_type=\"heading.default\">\n\t\t\t\t<div class=\"elementor-widget-container\">\n\t\t\t<h2 class=\"elementor-heading-title elementor-size-default\">\u201c\u00bfCOMO LLEGAR A FIN DE MES?\u201d<\/h2>\t\t<\/div>\n\t\t\t\t<\/div>\n\t\t\t\t\t\t<\/div>\n\t\t\t\t\t<\/div>\n\t\t<\/div>\n\t\t\t\t<div class=\"elementor-column elementor-col-25 elementor-top-column elementor-element elementor-element-0b70c0b\" data-id=\"0b70c0b\" data-element_type=\"column\">\n\t\t\t<div class=\"elementor-column-wrap elementor-element-populated\">\n\t\t\t\t\t\t\t<div class=\"elementor-widget-wrap\">\n\t\t\t\t\t\t<div class=\"elementor-element elementor-element-b681be9 elementor-widget elementor-widget-image\" data-id=\"b681be9\" data-element_type=\"widget\" data-widget_type=\"image.default\">\n\t\t\t\t<div class=\"elementor-widget-container\">\n\t\t\t\t\t<div class=\"elementor-image\">\n\t\t\t\t\t\t\t\t\t\t<img loading=\"lazy\" decoding=\"async\" width=\"290\" height=\"290\" src=\"http:\/\/kingdomfoundation.org.ec\/wp-content\/uploads\/2019\/01\/brycem_mentorship.png\" class=\"attachment-full size-full\" alt=\"\" srcset=\"http:\/\/kingdomfoundation.org.ec\/wp-content\/uploads\/2019\/01\/brycem_mentorship.png 290w, http:\/\/kingdomfoundation.org.ec\/wp-content\/uploads\/2019\/01\/brycem_mentorship-150x150.png 150w, http:\/\/kingdomfoundation.org.ec\/wp-content\/uploads\/2019\/01\/brycem_mentorship-100x100.png 100w\" sizes=\"100vw\" \/>\t\t\t\t\t\t\t\t\t\t\t<\/div>\n\t\t\t\t<\/div>\n\t\t\t\t<\/div>\n\t\t\t\t<div class=\"elementor-element elementor-element-fffe1e8 elementor-widget-divider--view-line elementor-widget elementor-widget-divider\" data-id=\"fffe1e8\" data-element_type=\"widget\" data-widget_type=\"divider.default\">\n\t\t\t\t<div class=\"elementor-widget-container\">\n\t\t\t\t\t<div class=\"elementor-divider\">\n\t\t\t<span class=\"elementor-divider-separator\">\n\t\t\t\t\t\t<\/span>\n\t\t<\/div>\n\t\t\t\t<\/div>\n\t\t\t\t<\/div>\n\t\t\t\t<div class=\"elementor-element elementor-element-26d780d elementor-widget elementor-widget-heading\" data-id=\"26d780d\" data-element_type=\"widget\" data-widget_type=\"heading.default\">\n\t\t\t\t<div class=\"elementor-widget-container\">\n\t\t\t<h2 class=\"elementor-heading-title elementor-size-default\">\"IGLESIAS EN TRANSICI\u00d3N -  Las nuevas formas, los mismos principios\"<\/h2>\t\t<\/div>\n\t\t\t\t<\/div>\n\t\t\t\t\t\t<\/div>\n\t\t\t\t\t<\/div>\n\t\t<\/div>\n\t\t\t\t<div class=\"elementor-column elementor-col-25 elementor-top-column elementor-element elementor-element-bac4c49\" data-id=\"bac4c49\" data-element_type=\"column\">\n\t\t\t<div class=\"elementor-column-wrap elementor-element-populated\">\n\t\t\t\t\t\t\t<div class=\"elementor-widget-wrap\">\n\t\t\t\t\t\t<div class=\"elementor-element elementor-element-64a4f53 elementor-widget elementor-widget-image\" data-id=\"64a4f53\" data-element_type=\"widget\" data-widget_type=\"image.default\">\n\t\t\t\t<div class=\"elementor-widget-container\">\n\t\t\t\t\t<div class=\"elementor-image\">\n\t\t\t\t\t\t\t\t\t\t<img loading=\"lazy\" decoding=\"async\" width=\"290\" height=\"290\" src=\"http:\/\/kingdomfoundation.org.ec\/wp-content\/uploads\/2019\/01\/ivanpirela_mentorship.png\" class=\"attachment-full size-full\" alt=\"\" srcset=\"http:\/\/kingdomfoundation.org.ec\/wp-content\/uploads\/2019\/01\/ivanpirela_mentorship.png 290w, http:\/\/kingdomfoundation.org.ec\/wp-content\/uploads\/2019\/01\/ivanpirela_mentorship-150x150.png 150w, http:\/\/kingdomfoundation.org.ec\/wp-content\/uploads\/2019\/01\/ivanpirela_mentorship-100x100.png 100w\" sizes=\"100vw\" \/>\t\t\t\t\t\t\t\t\t\t\t<\/div>\n\t\t\t\t<\/div>\n\t\t\t\t<\/div>\n\t\t\t\t<div class=\"elementor-element elementor-element-ec4e51f elementor-widget-divider--view-line elementor-widget elementor-widget-divider\" data-id=\"ec4e51f\" data-element_type=\"widget\" data-widget_type=\"divider.default\">\n\t\t\t\t<div class=\"elementor-widget-container\">\n\t\t\t\t\t<div class=\"elementor-divider\">\n\t\t\t<span class=\"elementor-divider-separator\">\n\t\t\t\t\t\t<\/span>\n\t\t<\/div>\n\t\t\t\t<\/div>\n\t\t\t\t<\/div>\n\t\t\t\t<div class=\"elementor-element elementor-element-338d3dc elementor-widget elementor-widget-heading\" data-id=\"338d3dc\" data-element_type=\"widget\" data-widget_type=\"heading.default\">\n\t\t\t\t<div class=\"elementor-widget-container\">\n\t\t\t<h2 class=\"elementor-heading-title elementor-size-default\">\"EL LIDERAZGO Y LA NECESIDAD DE UN MENTOR\"<\/h2>\t\t<\/div>\n\t\t\t\t<\/div>\n\t\t\t\t\t\t<\/div>\n\t\t\t\t\t<\/div>\n\t\t<\/div>\n\t\t\t\t<div class=\"elementor-column elementor-col-25 elementor-top-column elementor-element elementor-element-ffc9c1b\" data-id=\"ffc9c1b\" data-element_type=\"column\">\n\t\t\t<div class=\"elementor-column-wrap elementor-element-populated\">\n\t\t\t\t\t\t\t<div class=\"elementor-widget-wrap\">\n\t\t\t\t\t\t<div class=\"elementor-element elementor-element-1ae26b5 elementor-widget elementor-widget-image\" data-id=\"1ae26b5\" data-element_type=\"widget\" data-widget_type=\"image.default\">\n\t\t\t\t<div class=\"elementor-widget-container\">\n\t\t\t\t\t<div class=\"elementor-image\">\n\t\t\t\t\t\t\t\t\t\t<img loading=\"lazy\" decoding=\"async\" width=\"290\" height=\"290\" src=\"http:\/\/kingdomfoundation.org.ec\/wp-content\/uploads\/2019\/01\/jeffreyk_mentorship.png\" class=\"attachment-full size-full\" alt=\"\" srcset=\"http:\/\/kingdomfoundation.org.ec\/wp-content\/uploads\/2019\/01\/jeffreyk_mentorship.png 290w, http:\/\/kingdomfoundation.org.ec\/wp-content\/uploads\/2019\/01\/jeffreyk_mentorship-150x150.png 150w, http:\/\/kingdomfoundation.org.ec\/wp-content\/uploads\/2019\/01\/jeffreyk_mentorship-100x100.png 100w\" sizes=\"100vw\" \/>\t\t\t\t\t\t\t\t\t\t\t<\/div>\n\t\t\t\t<\/div>\n\t\t\t\t<\/div>\n\t\t\t\t<div class=\"elementor-element elementor-element-167cdbe elementor-widget-divider--view-line elementor-widget elementor-widget-divider\" data-id=\"167cdbe\" data-element_type=\"widget\" data-widget_type=\"divider.default\">\n\t\t\t\t<div class=\"elementor-widget-container\">\n\t\t\t\t\t<div class=\"elementor-divider\">\n\t\t\t<span class=\"elementor-divider-separator\">\n\t\t\t\t\t\t<\/span>\n\t\t<\/div>\n\t\t\t\t<\/div>\n\t\t\t\t<\/div>\n\t\t\t\t<div class=\"elementor-element elementor-element-66762ba elementor-widget elementor-widget-heading\" data-id=\"66762ba\" data-element_type=\"widget\" data-widget_type=\"heading.default\">\n\t\t\t\t<div class=\"elementor-widget-container\">\n\t\t\t<h2 class=\"elementor-heading-title elementor-size-default\">\"LIDERAZGO GENERACIONAL - Los j\u00f3venes nuestros nuevos l\u00edderes\"<\/h2>\t\t<\/div>\n\t\t\t\t<\/div>\n\t\t\t\t\t\t<\/div>\n\t\t\t\t\t<\/div>\n\t\t<\/div>\n\t\t\t\t\t\t\t\t<\/div>\n\t\t\t\t\t<\/div>\n\t\t<\/section>\n\t\t\t\t\t\t<\/div>\n\t\t\t\t\t\t<\/div>\n\t\t\t\t\t<\/div>\n\t\t","protected":false},"excerpt":{"rendered":"<p>MENTORSHIP \u201cCercan\u00eda a Dios trae parecido a Dios. Cuanto m\u00e1s veas a Dios, m\u00e1s de Dios ser\u00e1 visto en ti\u201d \u2014 Charles Spurgeon. \u201c\u00bfCOMO LLEGAR A FIN DE MES?\u201d \u00abIGLESIAS EN TRANSICI\u00d3N &#8211; Las nuevas formas, los mismos principios\u00bb \u00abEL LIDERAZGO Y LA NECESIDAD DE UN MENTOR\u00bb \u00abLIDERAZGO GENERACIONAL &#8211; Los j\u00f3venes nuestros nuevos l\u00edderes\u00bb<\/p>\n","protected":false},"author":1,"featured_media":302,"parent":0,"menu_order":0,"comment_status":"closed","ping_status":"closed","template":"","meta":{"footnotes":""},"_links":{"self":[{"href":"http:\/\/kingdomfoundation.org.ec\/index.php?rest_route=\/wp\/v2\/pages\/27"}],"collection":[{"href":"http:\/\/kingdomfoundation.org.ec\/index.php?rest_route=\/wp\/v2\/pages"}],"about":[{"href":"http:\/\/kingdomfoundation.org.ec\/index.php?rest_route=\/wp\/v2\/types\/page"}],"author":[{"embeddable":true,"href":"http:\/\/kingdomfoundation.org.ec\/index.php?rest_route=\/wp\/v2\/users\/1"}],"replies":[{"embeddable":true,"href":"http:\/\/kingdomfoundation.org.ec\/index.php?rest_route=%2Fwp%2Fv2%2Fcomments&post=27"}],"version-history":[{"count":38,"href":"http:\/\/kingdomfoundation.org.ec\/index.php?rest_route=\/wp\/v2\/pages\/27\/revisions"}],"predecessor-version":[{"id":464,"href":"http:\/\/kingdomfoundation.org.ec\/index.php?rest_route=\/wp\/v2\/pages\/27\/revisions\/464"}],"wp:featuredmedia":[{"embeddable":true,"href":"http:\/\/kingdomfoundation.org.ec\/index.php?rest_route=\/wp\/v2\/media\/302"}],"wp:attachment":[{"href":"http:\/\/kingdomfoundation.org.ec\/index.php?rest_route=%2Fwp%2Fv2%2Fmedia&parent=27"}],"curies":[{"name":"wp","href":"https:\/\/api.w.org\/{rel}","templated":true}]}}